n base 2?
11000000111000110
Convert -101186 (base 9) to base 6.
-1141253
Convert 11004223 (base 7) to base 2.
11100110001001010111
Convert 13113133323 (base 4) to base 12.
791763
What is -111101100020102 (base 3) in base 13?
-162037a
-12220300 (base 5) to base 9
-187374
Convert -16704604 (base 9) to base 16.
-7fff0c
-233230212 (base 4) to base 9
-326883
-212100212211020 (base 3) to base 5
-11134331112
10267 (base 15) to base 9
77167
12751 (base 12) to base 2
110001010101101
-3242213 (base 8) to base 3
-1122011202021
Convert -b3a771 (base 14) to base 8.
-27074277
Convert -441543 (base 7) to base 4.
-102322023
What is 20021313300 (base 4) in base 3?
11000121012210
What is a04a70 (base 14) in base 6?
311315334
Convert 110100100100011010101101 (base 2) to base 11.
7862677
What is -101010101000010001 (base 2) in base 8?
-525021
Convert 1000314012 (base 6) to base 10.
10103192
What is 2010221033 (base 4) in base 11?
34121a
What is -611451 (base 7) in base 8?
-312612
Convert -3413041 (base 5) to base 9.
-101756
-3226016 (base 7) to base 8
-1400332
What is 37a153 (base 12) in base 4?
3131331033
7315 (base 13) to base 15
4aa4
What is -65035 (base 9) in base 3?
-2012001012
What is 11002030310 (base 4) in base 3?
2111001022222
Convert -77711 (base 9) to base 14.
-14b43
Convert -1317700 (base 11) to base 9.
-4253818
Convert -110100100000000100000 (base 2) to base 8.
-6440040
27175523 (base 9) to base 3
221012112120210
Convert -12102121101 (base 3) to base 15.
-21a01
-1021002022 (base 3) to base 11
-1773a
123230132 (base 4) to base 5
12112223
Convert 2012111411 (base 5) to base 3.
21120012212022
Convert abb2ca (base 15) to base 10.
8188390
Convert -1c436 (base 14) to base 11.
-4a255
What is -133664 (base 8) in base 14?
-131d2
Convert -2304246 (base 7) to base 10.
-287223
-2143cc (base 15) to base 12
-644626
212133333331 (base 4) to base 9
20882324
What is 43b96 (base 12) in base 4?
111323202
654 (base 15) to base 6
10341
-19991a (base 16) to base 11
-a46446
What is -31b99 (base 13) in base 6?
-1532013
Convert 20221212001002 (base 3) to base 14.
6c36c5
cdc4b (base 14) to base 16
79d8b
295810 (base 10) to base 12
12322a
Convert -135035512 (base 6) to base 5.
-1201222420
-6460502 (base 7) to base 6
-24515035
253380 (base 12) to base 10
607056
What is 32320132 (base 5) in base 16?
43744
Convert 160a128 (base 11) to base 12.
b08254
-3127874 (base 10) to base 11
-1847022
What is -100010010010011111 (base 2) in base 16?
-2249f
127836 (base 12) to base 6
10301310
What is -6715731 (base 9) in base 12?
-126289a
What is -11636275 (base 9) in base 8?
-25557077
-1140a03 (base 15) to base 6
-1120445533
-30a06 (base 13) to base 16
-15553
What is -301131200 (base 5) in base 10?
-1192675
Convert -6184212 (base 10) to base 12.
-20a29b0
What is 21925 (base 15) in base 6?
2141525
Convert -1222112212 (base 3) to base 7.
-221546
-13284966 (base 10) to base 3
-220222221112210
Convert -47673 (base 9) to base 12.
-16563
What is 19ccb (base 16) in base 13?
3913b
What is -12450053 (base 6) in base 13?
-115020
What is -823ba (base 13) in base 6?
-5001114
-40242240 (base 5) to base 15
-65430
What is 620065 (base 12) in base 13?
419618
-1451508 (base 9) to base 6
-25103012
-688658 (base 11) to base 3
-2001121212210
Convert -276b97 (base 14) to base 7.
-14405450
What is 78ea6 (base 16) in base 8?
1707246
What is 2da658 (base 16) in base 15?
3e166e
Convert -2541003 (base 7) to base 3.
-121201200200
1000211201020 (base 3) to base 9
1024636
What is -256770 (base 9) in base 2?
-100110000100000011
Convert 10102202020 (base 3) to base 2.
10000100000011110
What is -52322 (base 8) in base 9?
-32706
11013264 (base 7) to base 2
11100110101001111110
What is 414041342 (base 5) in base 10?
1705847
Convert 313206 (base 7) to base 10.
53955
Convert -53d9a4 (base 14) to base 13.
-786735
-21110111120000 (base 3) to base 10
-3966165
What is 1111000010011010100110 (base 2) in base 10?
3942054
1010000111010100001 (base 2) to base 14
88ad3
What is 501310 (base 11) in base 16?
c5030
Convert 9ce3 (base 16) to base 11.
281a2
What is -455313 (base 7) in base 16?
-13cd1
Convert 20985f (base 16) to base 5.
1021324114
What is -9f28a (base 16) in base 14?
-12d814
1212020020 (base 3) to base 4
20330022
Convert -203222202002 (base 4) to base 13.
-1c24601
Convert -20b486 (base 15) to base 11.
-9737a5
What is 168039 (base 13) in base 7?
4522323
Convert 1a0a1 (base 11) to base 5.
1344222
14314240234 (base 5) to base 8
110060764
Convert -6e6bd (base 16) to base 6.
-13405525
-23443212 (base 5) to base 9
-362721
What is 45766741 (base 8) in base 10?
9956833
-5032122 (base 7) to base 6
-20440103
What is -123002032201 (base 4) in base 7?
-114144556
1131014134 (base 5) to base 14
4b7955
Convert -46a34 (base 12) to base 4.
-113021020
What is 3303331 (base 4) in base 6?
200141
Convert 916945 (base 11) to base 2.
101100111101011001000
What is -33122111 (base 4) in base 11?
-43477
What is 1c428b (base 14) in base 10?
1010307
100011111101001000101 (base 2) to base 10
1178181
3130 (base 9) to base 3
10011000
What is -35110311 (base 7) in base 13?
-83a156
What is -2100112210 (base 3) in base 2?
-1011010011110110
Convert -1210303112 (base 4) to base 15.
-8250b
4411324221 (base 5) to base 4
210022130000
What is 34107065 (base 8) in base 14?
da02c5
What is -17c940 (base 13) in base 15?
-bc7dc
What is 20625b1 (base 13) in base 4?
211133333133
What is 1001421532 (base 6) in base 9?
21102712
-14206751 (base 8) to base 11
-18a6389
44607 (base 8) to base 2
100100110000111
668d5 (base 14) to base 16
3cb8b
What is -59d75 (base 15) in base 3?
-112120001102
Convert -30021121300 (base 4) to base 12.
-1096894
Convert -1012300222 (base 5) to base 14.
-3bd117
11310211 (base 4) to base 11
16a08
24106c (base 13) to base 9
1548434
Convert -4707803 (base 9) to base 4.
-21231103131
What is 484050 (base 10) in base 2?
1110110001011010010
-120011010 (base 3) to base 12
-6486
What is 45231532 (base 6) in base 4?
11033023100
-1598338 (base 10) to base 11
-9a1945
5c9c48 (base 13) to base 12
8b1402
What is 224420302 (base 5) in base 9?
1814634
What is -15981c9 (base 14) in base 12?
-36666b1
Convert 1110111001111111010010 (base 2) to base 9.
7315118
What is 100010101000110 (base 2) in base 3?
220022211
-4767 (base 14) to base 9
-18051
Convert -1c4581 (base 14) to base 15.
-14e7c5
Convert 17c07c (base 16) to base 4.
11330001330
17086e (base 15) to base 8
4203006
Convert -769 (base 15) to base 5.
-23144
-2a73a (base 12) to base 8
-164636
What is 34ab4 (base 12) in base 5?
4230241
What is 119460c (base 14) in base 7?
131420315
-54330046 (base 7) to base 10
-4645969
201113312 (base 4) to base 9
227452
Convert 8b09d (base 14) to base 11.
210756
565580 (base 9) to base 4
1102230231
Convert -5200122 (base 8) to base 15.
-1c2c0d
What is 2103627 (base 8) in base 10?
558999
What is -1150265 (base 7) in base 14?
-3b5dc
What is -2331311021 (base 5) in base 3?
-101001012201101
16a931b (base 13) to base 3
111211221200102
What is 10678b1 (base 13) in base 11?
2915977
What is 7aa1b (base 15) in base 11?
247350
Convert 370d40 (base 14) to base 16.
1cc33c
7467884 (base 10) to base 8
34371554
What is -cc99ab (base 15) in base 3?
-200100110222222
Convert 857993 (base 14) to base 4.
101032132331
What is -10320032 (base 5) in base 13?
-31533
1a9393 (base 13) to base 16
a55b7
What is 211749a (base 11) in base 7?
43456626
Convert 201120200222 (base 3) to base 6.
12132212
What is -14355355 (base 6) in base 4?
-1321132313
-122011102021202 (base 3) to base 12
-307a755
What is 133170 (base 9) in base 15?
19043
Convert 5513636 (base 8) to base 5.
334334411
-439d9a (base 14) to base 5
-1041401144
Convert 425a27 (base 13) to base 10.
1555002
-131526 (base 12) to base 9
-527053
-33002233 (base 5) to base 14
-74880
What is -16408 (base 11) in base 8?
-55117
1352010 (base 6) to base 12
38606
1204141 (base 6) to base 5
4010013
What is -30249c (base 14) in base 15?
-21ee72
Convert -337766 (base 9) to base 15.
-40040
What is 202221 (base 6) in base 13?
7411
What is 98b36a (base 12) in base 13?
66b968
Convert -100010101111001101 (base 2) to base 13.
-4c9c0
-173 (base 16) to base 4
-11303
Convert -1227330 (base 8) to base 13.
-bb7b8
Convert -aabb7 (base 13) to base 5.
-34401324
Convert -3486d 